{"id":987964,"date":"2025-05-22T09:23:08","date_gmt":"2025-05-22T06:23:08","guid":{"rendered":"https:\/\/www.anzelyag.com\/?page_id=987964"},"modified":"2025-05-22T21:15:35","modified_gmt":"2025-05-22T18:15:35","slug":"pamuk-kuspesi","status":"publish","type":"page","link":"https:\/\/www.anzelyag.com\/index.php\/urunlerimiz\/pamuk-kuspesi\/","title":{"rendered":"Pamuk K\u00fcspesi"},"content":{"rendered":"\t\t<div data-elementor-type=\"wp-page\" data-elementor-id=\"987964\" class=\"elementor elementor-987964\" data-elementor-post-type=\"page\">\n\t\t\t\t<div class=\"elementor-element elementor-element-1e33a945 e-flex e-con-boxed e-con e-parent\" data-id=\"1e33a945\" data-element_type=\"container\">\n\t\t\t\t\t<div class=\"e-con-inner\">\n\t\t\t\t<div class=\"elementor-element elementor-element-ec19676 elementor-widget elementor-widget-image\" data-id=\"ec19676\" data-element_type=\"widget\" data-widget_type=\"image.default\">\n\t\t\t\t<div class=\"elementor-widget-container\">\n\t\t\t\t\t\t\t\t\t\t\t\t\t\t\t<img fetchpriority=\"high\" decoding=\"async\" width=\"1024\" height=\"352\" src=\"https:\/\/www.anzelyag.com\/wp-content\/uploads\/2025\/05\/urunlerimiz-pamuk-kuspesi-1024x352.jpg\" class=\"attachment-large size-large wp-image-987966\" alt=\"\" srcset=\"https:\/\/www.anzelyag.com\/wp-content\/uploads\/2025\/05\/urunlerimiz-pamuk-kuspesi-1024x352.jpg 1024w, https:\/\/www.anzelyag.com\/wp-content\/uploads\/2025\/05\/urunlerimiz-pamuk-kuspesi-300x103.jpg 300w, https:\/\/www.anzelyag.com\/wp-content\/uploads\/2025\/05\/urunlerimiz-pamuk-kuspesi-768x264.jpg 768w, https:\/\/www.anzelyag.com\/wp-content\/uploads\/2025\/05\/urunlerimiz-pamuk-kuspesi-1536x527.jpg 1536w, https:\/\/www.anzelyag.com\/wp-content\/uploads\/2025\/05\/urunlerimiz-pamuk-kuspesi-2048x703.jpg 2048w\" sizes=\"(max-width: 1024px) 100vw, 1024px\" \/>\t\t\t\t\t\t\t\t\t\t\t\t\t\t\t<\/div>\n\t\t\t\t<\/div>\n\t\t\t\t<div class=\"elementor-element elementor-element-5e5b0dd9 animated-fast elementor-invisible elementor-widget elementor-widget-heading\" data-id=\"5e5b0dd9\" data-element_type=\"widget\" data-settings=\"{&quot;_animation&quot;:&quot;fadeIn&quot;,&quot;_animation_delay&quot;:250}\" data-widget_type=\"heading.default\">\n\t\t\t\t<div class=\"elementor-widget-container\">\n\t\t\t\t\t<h2 class=\"elementor-heading-title elementor-size-default\">G\u00fc\u00e7l\u00fc Besin, Sa\u011flam Geli\u015fim<\/h2>\t\t\t\t<\/div>\n\t\t\t\t<\/div>\n\t\t\t\t<div class=\"elementor-element elementor-element-12154bb1 animated-fast elementor-invisible elementor-widget elementor-widget-text-editor\" data-id=\"12154bb1\" data-element_type=\"widget\" data-settings=\"{&quot;_animation&quot;:&quot;fadeIn&quot;,&quot;_animation_delay&quot;:300}\" data-widget_type=\"text-editor.default\">\n\t\t\t\t<div class=\"elementor-widget-container\">\n\t\t\t\t\t\t\t\t\t<p data-start=\"845\" data-end=\"1097\">Pamuk k\u00fcspesi, pamuk tohumlar\u0131ndan ya\u011f \u00e7\u0131kar\u0131ld\u0131ktan sonra geriye kalan ve hayvanc\u0131l\u0131k sekt\u00f6r\u00fcnde yem olarak de\u011ferlendirilen de\u011ferli bir \u00fcr\u00fcnd\u00fcr. Anzel Ya\u011f olarak kendi tesislerimizde, y\u00fcksek protein oran\u0131na sahip pamuk k\u00fcspesini g\u00fcvenle \u00fcretmekteyiz.<\/p><p data-start=\"1099\" data-end=\"1374\">Hayvanc\u0131l\u0131k alan\u0131nda enerji ve protein ihtiyac\u0131n\u0131 kar\u015f\u0131layan bu \u00fcr\u00fcn\u00fcm\u00fcz, \u00f6zellikle b\u00fcy\u00fckba\u015f ve k\u00fc\u00e7\u00fckba\u015f hayvanlar\u0131n beslenmesinde \u00f6nemli bir rol oynar. Sa\u011fl\u0131kl\u0131 ve ekonomik bir yem kayna\u011f\u0131 olan pamuk k\u00fcspesi, \u00fcretim s\u00fcrecimizin kalite standartlar\u0131na uygun olarak haz\u0131rlan\u0131r.<\/p>\t\t\t\t\t\t\t\t<\/div>\n\t\t\t\t<\/div>\n\t\t\t\t\t<\/div>\n\t\t\t\t<\/div>\n\t\t<div class=\"elementor-element elementor-element-65d21f75 e-flex e-con-boxed e-con e-parent\" data-id=\"65d21f75\" data-element_type=\"container\" data-settings=\"{&quot;background_background&quot;:&quot;classic&quot;}\">\n\t\t\t\t\t<div class=\"e-con-inner\">\n\t\t<div class=\"elementor-element elementor-element-25ec9ad2 e-con-full e-flex e-con e-child\" data-id=\"25ec9ad2\" data-element_type=\"container\">\n\t\t\t\t<div class=\"elementor-element elementor-element-48dba1fc elementor-widget__width-initial elementor-widget elementor-widget-spacer\" data-id=\"48dba1fc\" data-element_type=\"widget\" data-widget_type=\"spacer.default\">\n\t\t\t\t<div class=\"elementor-widget-container\">\n\t\t\t\t\t\t\t<div class=\"elementor-spacer\">\n\t\t\t<div class=\"elementor-spacer-inner\"><\/div>\n\t\t<\/div>\n\t\t\t\t\t\t<\/div>\n\t\t\t\t<\/div>\n\t\t<div class=\"elementor-element elementor-element-1a83a21b e-con-full e-flex e-con e-child\" data-id=\"1a83a21b\" data-element_type=\"container\">\n\t\t\t\t<div class=\"elementor-element elementor-element-5d27561b elementor-absolute elementor-view-default elementor-widget elementor-widget-icon\" data-id=\"5d27561b\" data-element_type=\"widget\" data-settings=\"{&quot;_position&quot;:&quot;absolute&quot;,&quot;motion_fx_motion_fx_scrolling&quot;:&quot;yes&quot;,&quot;motion_fx_rotateZ_effect&quot;:&quot;yes&quot;,&quot;motion_fx_rotateZ_direction&quot;:&quot;negative&quot;,&quot;motion_fx_rotateZ_affectedRange&quot;:{&quot;unit&quot;:&quot;%&quot;,&quot;size&quot;:&quot;&quot;,&quot;sizes&quot;:{&quot;start&quot;:35,&quot;end&quot;:81}},&quot;motion_fx_devices&quot;:[&quot;desktop&quot;],&quot;motion_fx_rotateZ_speed&quot;:{&quot;unit&quot;:&quot;px&quot;,&quot;size&quot;:1,&quot;sizes&quot;:[]}}\" data-widget_type=\"icon.default\">\n\t\t\t\t<div class=\"elementor-widget-container\">\n\t\t\t\t\t\t\t<div class=\"elementor-icon-wrapper\">\n\t\t\t<div class=\"elementor-icon\">\n\t\t\t<svg xmlns=\"http:\/\/www.w3.org\/2000\/svg\" xmlns:xlink=\"http:\/\/www.w3.org\/1999\/xlink\" width=\"51px\" height=\"41px\" viewBox=\"0 0 51 41\"><title>leaf-group-1<\/title><g id=\"Pages\" stroke=\"none\" stroke-width=\"1\" fill=\"none\" fill-rule=\"evenodd\"><g id=\"Home-1--new\" transform=\"translate(-245, -1076)\" fill=\"#3CA200\"><g id=\"Group-95\" transform=\"translate(141, 923)\"><g id=\"Group-94\" transform=\"translate(0, 153.3361)\"><g id=\"Group-35\" transform=\"translate(49, 0)\"><g id=\"leaf-group-1\" transform=\"translate(55.9628, 0)\"><path d=\"M34.5123108,28.3699086 C31.4031313,26.0763831 28.7144148,25.1005491 24.0769793,24.8219308 L28.8330262,20.9892212 C32.7016852,20.6879243 36.2773512,21.0925605 39.7985736,21.8281439 C36.1764343,20.4075528 33.1756925,20.2130838 29.3884685,20.2627892 L36.2959338,13.736286 C38.2145474,14.2006583 39.850353,14.1845251 41.8428809,13.9333721 C40.0211934,14.0040091 38.5743725,13.9564817 36.8274762,13.1720621 L43.2998756,7.29698989 L33.5744589,15.2602206 C32.9552794,13.6089779 32.5954554,12.1190563 32.7875383,10.1098306 C32.16349,12.2006028 32.6025366,13.8610047 32.882252,15.9190719 L25.8951278,21.8543267 C26.2491983,19.1287031 26.0774742,16.1863603 24.2779161,13.5396584 C24.8541645,14.975068 26.5572428,20.0020695 24.8612468,22.6073503 L17.7130175,28.5173093 C14.3953827,7.95546465 28.8648965,9.3743058 44.0371977,6.6638773 C41.3267959,23.8495645 43.0480149,36.6305423 18.9982837,30.4498173 L15.3314473,33.4933096 C14.7419212,33.9825357 13.0530086,32.3849168 14.8242421,32.4049773 L23.3245809,25.7559494 C27.8726121,25.788603 31.1751942,26.6785417 34.5123108,28.3699086 Z\" id=\"Path\" transform=\"translate(29.0372, 20.1252) rotate(-45) translate(-29.0372, -20.1252)\"><\/path><path d=\"M11.2747543,28.516893 C9.72016453,27.3701302 8.37580625,26.8822132 6.0570885,26.7429041 L8.43511196,24.8265493 C10.3694415,24.6759008 12.1572745,24.8782189 13.9178857,25.2460106 C12.106816,24.5357151 10.6064451,24.4384805 8.7128331,24.4633332 L12.1665658,21.2000817 C13.1258726,21.4322678 13.9437754,21.4242012 14.9400393,21.2986247 C14.0291956,21.3339432 13.3057851,21.3101795 12.432337,20.9179697 L15.6685367,17.9804336 L10.8058283,21.962049 C10.4962386,21.1364276 10.3163266,20.3914668 10.412368,19.3868539 C10.1003439,20.4322401 10.3198672,21.262441 10.4597249,22.2914746 L6.96616278,25.259102 C7.14319799,23.8962902 7.05733596,22.4251188 6.1575569,21.1017678 C6.44568113,21.8194727 7.29722028,24.3329734 6.44922228,25.6356138 L2.87510761,28.5905933 C1.21629024,18.309671 8.4510471,19.0190915 16.0371977,17.6638773 C14.6819968,26.2567209 15.5426063,32.6472098 3.5177407,29.5568473 L1.6843225,31.0785935 C1.38955947,31.3232065 0.545103176,30.524397 1.43071992,30.5344273 L5.6808893,27.2099133 C7.9549049,27.2262401 9.60619595,27.6712095 11.2747543,28.516893 Z\" id=\"Path-Copy-5\" transform=\"translate(8.5372, 24.3945) rotate(-74) translate(-8.5372, -24.3945)\"><\/path><\/g><\/g><\/g><\/g><\/g><\/g><\/svg>\t\t\t<\/div>\n\t\t<\/div>\n\t\t\t\t\t\t<\/div>\n\t\t\t\t<\/div>\n\t\t\t\t<div class=\"elementor-element elementor-element-6fd3c581 elementor-view-default elementor-widget elementor-widget-icon\" data-id=\"6fd3c581\" data-element_type=\"widget\" data-widget_type=\"icon.default\">\n\t\t\t\t<div class=\"elementor-widget-container\">\n\t\t\t\t\t\t\t<div class=\"elementor-icon-wrapper\">\n\t\t\t<div class=\"elementor-icon\">\n\t\t\t<svg xmlns=\"http:\/\/www.w3.org\/2000\/svg\" id=\"Capa_1\" viewBox=\"0 0 512 512\"><defs><style>      .st0 {        fill: #027500;      }    <\/style><\/defs><path class=\"st0\" d=\"M505.11,402.8c-.89-1.17-5.84-8.77-7.16-38.57-1.81-42.29-24.12-94.17-25.14-96.51-28.62-73.75-72.47-81.47-126.13-75.14-12.32.99-25.05,2.03-37.79,1.51-14.49-.58-27.71-2.48-40.51-4.31-37.95-5.45-70.75-10.16-110.75,23.07-21.99,18.27-41.67,51.43-58.51,98.68-6.96,19.52-12.82,39.43-17.53,59.61-33.51-2.9-51.16,3.99-66.81,26.8-5.03,7.76,6,15.46,11.54,7.98,7.74-11.17,15.19-17.29,26.31-19.87-17.01,19.24,3.02,54.75,8.36,79.21,4.25,19.13,0,38.02,0,38.2-.85,3.78,1.53,7.53,5.31,8.37.5.11,1.02.17,1.54.17h32.73c2.1,0,4.08-.94,5.41-2.56,8.35-10.44,16.08-21.37,23.13-32.73,9.67-15.46,15.69-33.08,17.85-40.01,2.57-1.31,5.21-2.62,7.87-3.89-6.61,23.46-10.18,47.67-10.62,72.03-.06,3.87,3.03,7.06,6.91,7.12.04,0,.07,0,.11,0h62.34c3.42,0,6.35-2.47,6.92-5.84.07-.48,8.05-48.51,12.41-69.61,2.77-13.44,18.3-34.89,27.63-46.51,15.42,9.84,30.56,15.45,54.43,15.69,2.34,8.61,6.93,25.45,9.03,33.9.57,6.62-15.08,37.22-30.12,61.76-2.01,3.31-.96,7.62,2.34,9.64,1.1.67,2.36,1.02,3.64,1.02h39.74c3,0,5.67-1.91,6.64-4.76.14-.41,13.91-40.85,21.69-54.74,4.71-8.78,8.58-18,11.55-27.51l.76.16v12.86c0,3.87,3.14,7.01,7.01,7.01s7.01-3.14,7.01-7.01v-11.58c3.5-.09,6.98-.49,10.41-1.17v9.85c.28,9.27,13.73,9.27,14.03,0v-14.66c1.4-.74,2.75-1.57,4.06-2.47,5.95,32.56-7.18,82.39-8.59,84.86-1.18,3.69.85,7.64,4.54,8.82.69.22,1.4.33,2.12.33h38.19c3.65.01,6.7-2.78,7.01-6.42.13-1.52,3.13-37.4,1.57-64.89-1.51-26.63,3.95-35.3,2.34-62.34-.36-6.24,1.98-12.63,4.94-20.71,2.29-5.94,4.24-12.01,5.84-18.18,1.71,8.36,2.79,16.84,3.23,25.36,1.61,38.16,9.21,48.59,15.3,50.62,3.68,1.21,7.64-.8,8.85-4.48,1.01-3.09-.23-6.47-3.01-8.17h.04ZM169.59,497.97h-11.16c1.15-24.72,5.63-49.17,13.3-72.7,3.82-1.61,7.72-3.02,11.69-4.21-2.03,14.69-8.79,51.04-13.83,76.91h0ZM355.67,445.65c-6.8,12.14-17.1,40.91-21.04,52.33h-22.52c12.48-21.04,29.22-53.91,25.47-61.7-1.95-7.82-5.94-22.52-8.44-31.66,7.05-1.07,14.03-2.56,20.9-4.46,2.34,8.37,7.99,15.28,16.22,19.87-2.69,8.88-6.24,17.47-10.59,25.67v-.04ZM388.08,412.22c-11.58-.9-22.43-6.79-24.55-16.18,16.47-5.69,32.29-13.09,47.22-22.08,3.7,8.91,6.67,18.11,8.88,27.5-4.68,7.5-18.12,12.04-31.56,10.75ZM461.72,352.83c-3.24,8.86-6.31,17.22-5.77,26.37.54,9.87.15,19.77-1.17,29.57-1.41,10.85-1.8,21.81-1.17,32.73,1.17,19.75-.27,44.87-1.06,56.49h-22.38c14.31-50.42,8.24-102.55-10.61-138.39l-10.52-14.7c-2.26-3.15-6.64-3.87-9.79-1.61s-3.87,6.64-1.61,9.79l6.21,8.67c-31.18,18.51-91.41,45.58-133.55,17.93l10.52-10.12c6.48-6.62-2.84-16.36-9.72-10.1l-16.46,15.84-.49.51c-1.23,1.44-30.27,35.33-34.92,57.9-3.51,16.91-9.25,50.69-11.54,64.29h-23.8c4.07-20.96,13.69-71.54,14.03-81.99,1.99-15.94,8.46-25.95,15.97-37.51,3.76-5.61,7.22-11.41,10.37-17.39,1.8-3.43.48-7.67-2.95-9.47s-7.67-.48-9.47,2.95c-.03.05-.06.11-.08.17-2.92,5.54-6.14,10.91-9.63,16.11-6.63,10.22-13.43,20.75-16.75,35.59-5.13.61-12.78,3.04-25.12,8.46-11.5,5.07-22,10.52-22.44,10.76-1.72.9-2.99,2.47-3.51,4.34-.07.21-6.14,21.75-17.11,39.33-6.18,9.87-12.85,19.42-19.99,28.62h-21.11c1.51-11.93,1.04-24.03-1.39-35.81-3.51-17.66-19.75-50.81-13.17-64.45,4.21-7.64,13.76-10.72,20.05-11.93l32.47,10.51c4.32,1.68,7.13,5.89,7.01,10.52-.08,5.84-4.35,13.65-16.12,18.27-3.61,1.42-5.38,5.49-3.96,9.09s5.49,5.38,9.09,3.96c15.25-5.98,24.84-17.92,25.01-31.14.18-10.33-5.99-19.71-15.55-23.62-.27-.13-.55-.24-.84-.33l-23.59-7.6c4.68-20.68,28.5-116.01,71.53-151.76,35.2-29.22,63.71-25.16,99.79-19.99,13.14,1.89,26.73,3.85,41.94,4.45,57.27,2.41,107.86-25,143.62,47.58,21.63,41.63,20.63,71.47,9.75,97.09h0Z\"><\/path><path class=\"st0\" d=\"M95.81,214.47c5.37,3.77,11.14,6.93,17.22,9.42.84.35,1.74.53,2.65.53,7.59,0,9.74-10.52,2.65-13.51-43-17.01-59.34-72.29-32.21-109.87,46.32-63.96,146.1-21.04,131.61,56.51-.94,3.76,1.34,7.57,5.09,8.51s7.57-1.34,8.51-5.09c.05-.21.1-.43.13-.65,17.28-92.41-101.63-143.55-156.83-67.34-27.64,39.41-18.17,93.76,21.18,121.49h0Z\"><\/path><path class=\"st0\" d=\"M202.81,61.63c3.17,2.23,7.54,1.46,9.77-1.71h0s17.33-24.65,17.33-24.65c2.23-3.17,1.46-7.54-1.71-9.77s-7.54-1.46-9.77,1.71l-17.37,24.65c-2.22,3.17-1.44,7.55,1.73,9.77,0,0,0,0,0,0h0Z\"><\/path><path class=\"st0\" d=\"M154.79,44.04c3.86.34,7.26-2.5,7.61-6.36l2.69-30.02c.34-3.87-2.51-7.29-6.39-7.64s-7.29,2.51-7.64,6.39l-2.58,30.02c-.35,3.84,2.47,7.24,6.31,7.61Z\"><\/path><path class=\"st0\" d=\"M95.08,49.4c4.18,8.31,16.36,2.59,12.73-5.84l-12.68-27.4c-4.15-8.29-16.36-2.64-12.73,5.84l12.68,27.4Z\"><\/path><path class=\"st0\" d=\"M30.73,69.98l24.65,17.33c1.18.83,2.59,1.28,4.03,1.29,6.69.09,9.64-8.89,4.03-12.75l-24.65-17.35c-7.73-5.1-15.49,5.9-8.06,11.48Z\"><\/path><path class=\"st0\" d=\"M40.58,140.02c8.84-.22,9.46-12.97.62-14.03l-30.03-2.69c-9.25-.53-10.52,12.86-1.25,13.97l30.03,2.7.63.05Z\"><\/path><path class=\"st0\" d=\"M47.02,180.62l-27.34,12.67c-6.79,3.13-4.45,13.39,2.96,13.38.91,1.02,28.81-12.93,30.28-13.34,8.28-4.15,2.64-16.36-5.9-12.72h0Z\"><\/path><path class=\"st0\" d=\"M79.35,224.97l-17.37,24.65c-5.1,7.73,5.84,15.5,11.48,8.06l17.33-24.65c5.08-7.73-5.87-15.49-11.44-8.06Z\"><\/path><path class=\"st0\" d=\"M244.39,151.27c-.34,3.86,2.5,7.26,6.36,7.61l30.02,2.69c3.87.34,7.29-2.51,7.64-6.39s-2.51-7.29-6.39-7.64l-30.02-2.69c-3.86-.34-7.26,2.51-7.6,6.37,0,.02,0,.03,0,.05h0Z\"><\/path><path class=\"st0\" d=\"M241.98,104.95c.92,1.02,28.82-12.94,30.28-13.34,8.29-4.15,2.64-16.36-5.84-12.73l-27.34,12.68c-6.85,3.17-4.5,13.39,2.9,13.38Z\"><\/path><\/svg>\t\t\t<\/div>\n\t\t<\/div>\n\t\t\t\t\t\t<\/div>\n\t\t\t\t<\/div>\n\t\t\t\t<\/div>\n\t\t\t\t<div class=\"elementor-element elementor-element-4bc30e3c elementor-widget__width-initial elementor-widget elementor-widget-spacer\" data-id=\"4bc30e3c\" data-element_type=\"widget\" data-widget_type=\"spacer.default\">\n\t\t\t\t<div class=\"elementor-widget-container\">\n\t\t\t\t\t\t\t<div class=\"elementor-spacer\">\n\t\t\t<div class=\"elementor-spacer-inner\"><\/div>\n\t\t<\/div>\n\t\t\t\t\t\t<\/div>\n\t\t\t\t<\/div>\n\t\t\t\t<\/div>\n\t\t\t\t<div class=\"elementor-element elementor-element-5e5d294a elementor-widget__width-initial animated-fast elementor-invisible elementor-widget elementor-widget-heading\" data-id=\"5e5d294a\" data-element_type=\"widget\" data-settings=\"{&quot;_animation&quot;:&quot;fadeInUp&quot;,&quot;_animation_delay&quot;:100}\" data-widget_type=\"heading.default\">\n\t\t\t\t<div class=\"elementor-widget-container\">\n\t\t\t\t\t<h3 class=\"elementor-heading-title elementor-size-default\">Besleyici G\u00fc\u00e7, Do\u011fadan Gelen<\/h3>\t\t\t\t<\/div>\n\t\t\t\t<\/div>\n\t\t\t\t<div class=\"elementor-element elementor-element-d4712f4 elementor-widget__width-initial animated-fast elementor-invisible elementor-widget elementor-widget-text-editor\" data-id=\"d4712f4\" data-element_type=\"widget\" data-settings=\"{&quot;_animation&quot;:&quot;fadeIn&quot;,&quot;_animation_delay&quot;:200}\" data-widget_type=\"text-editor.default\">\n\t\t\t\t<div class=\"elementor-widget-container\">\n\t\t\t\t\t\t\t\t\t<span aria-hidden=\"true\">Protein ve enerji de\u011feri y\u00fcksek, hayvanc\u0131l\u0131\u011f\u0131n temel yem kayna\u011f\u0131.<\/span>\t\t\t\t\t\t\t\t<\/div>\n\t\t\t\t<\/div>\n\t\t<div class=\"elementor-element elementor-element-27d760ee e-con-full e-flex e-con e-child\" data-id=\"27d760ee\" data-element_type=\"container\">\n\t\t<div class=\"elementor-element elementor-element-2e9c8b9a e-con-full animated-fast vamtam-has-theme-cp vamtam-cp-top-left e-flex elementor-invisible e-con e-child\" data-id=\"2e9c8b9a\" data-element_type=\"container\" data-settings=\"{&quot;background_background&quot;:&quot;classic&quot;,&quot;animation_delay&quot;:450,&quot;animation&quot;:&quot;fadeInUp&quot;}\">\n\t\t\t\t<div class=\"elementor-element elementor-element-2aa75ebc elementor-icon-list--layout-traditional elementor-list-item-link-full_width elementor-widget elementor-widget-icon-list\" data-id=\"2aa75ebc\" data-element_type=\"widget\" data-widget_type=\"icon-list.default\">\n\t\t\t\t<div class=\"elementor-widget-container\">\n\t\t\t\t\t\t\t<ul class=\"elementor-icon-list-items\">\n\t\t\t\t\t\t\t<li class=\"elementor-icon-list-item\">\n\t\t\t\t\t\t\t\t\t\t\t<span class=\"elementor-icon-list-icon\">\n\t\t\t\t\t\t\t<i aria-hidden=\"true\" class=\"vamtamtheme- vamtam-theme-check-round\"><\/i>\t\t\t\t\t\t<\/span>\n\t\t\t\t\t\t\t\t\t\t<span class=\"elementor-icon-list-text\">Y\u00fcksek protein oran\u0131<\/span>\n\t\t\t\t\t\t\t\t\t<\/li>\n\t\t\t\t\t\t\t\t<li class=\"elementor-icon-list-item\">\n\t\t\t\t\t\t\t\t\t\t\t<span class=\"elementor-icon-list-icon\">\n\t\t\t\t\t\t\t<i aria-hidden=\"true\" class=\"vamtamtheme- vamtam-theme-check-round\"><\/i>\t\t\t\t\t\t<\/span>\n\t\t\t\t\t\t\t\t\t\t<span class=\"elementor-icon-list-text\">Enerji verici i\u00e7erik<\/span>\n\t\t\t\t\t\t\t\t\t<\/li>\n\t\t\t\t\t\t\t\t<li class=\"elementor-icon-list-item\">\n\t\t\t\t\t\t\t\t\t\t\t<span class=\"elementor-icon-list-icon\">\n\t\t\t\t\t\t\t<i aria-hidden=\"true\" class=\"vamtamtheme- vamtam-theme-check-round\"><\/i>\t\t\t\t\t\t<\/span>\n\t\t\t\t\t\t\t\t\t\t<span class=\"elementor-icon-list-text\">Sindirimi kolay yap\u0131<\/span>\n\t\t\t\t\t\t\t\t\t<\/li>\n\t\t\t\t\t\t<\/ul>\n\t\t\t\t\t\t<\/div>\n\t\t\t\t<\/div>\n\t\t\t\t<\/div>\n\t\t<div class=\"elementor-element elementor-element-5ee36af0 e-con-full animated-fast vamtam-has-theme-cp vamtam-cp-top-right e-flex elementor-invisible e-con e-child\" data-id=\"5ee36af0\" data-element_type=\"container\" data-settings=\"{&quot;background_background&quot;:&quot;classic&quot;,&quot;animation_delay&quot;:500,&quot;animation&quot;:&quot;fadeInUp&quot;}\">\n\t\t\t\t<div class=\"elementor-element elementor-element-2d5f80c1 elementor-icon-list--layout-traditional elementor-list-item-link-full_width elementor-widget elementor-widget-icon-list\" data-id=\"2d5f80c1\" data-element_type=\"widget\" data-widget_type=\"icon-list.default\">\n\t\t\t\t<div class=\"elementor-widget-container\">\n\t\t\t\t\t\t\t<ul class=\"elementor-icon-list-items\">\n\t\t\t\t\t\t\t<li class=\"elementor-icon-list-item\">\n\t\t\t\t\t\t\t\t\t\t\t<span class=\"elementor-icon-list-icon\">\n\t\t\t\t\t\t\t<i aria-hidden=\"true\" class=\"vamtamtheme- vamtam-theme-check-round\"><\/i>\t\t\t\t\t\t<\/span>\n\t\t\t\t\t\t\t\t\t\t<span class=\"elementor-icon-list-text\">Ekonomik yem alternatifi<\/span>\n\t\t\t\t\t\t\t\t\t<\/li>\n\t\t\t\t\t\t\t\t<li class=\"elementor-icon-list-item\">\n\t\t\t\t\t\t\t\t\t\t\t<span class=\"elementor-icon-list-icon\">\n\t\t\t\t\t\t\t<i aria-hidden=\"true\" class=\"vamtamtheme- vamtam-theme-check-round\"><\/i>\t\t\t\t\t\t<\/span>\n\t\t\t\t\t\t\t\t\t\t<span class=\"elementor-icon-list-text\">B\u00fcy\u00fckba\u015f i\u00e7in ideal<\/span>\n\t\t\t\t\t\t\t\t\t<\/li>\n\t\t\t\t\t\t\t\t<li class=\"elementor-icon-list-item\">\n\t\t\t\t\t\t\t\t\t\t\t<span class=\"elementor-icon-list-icon\">\n\t\t\t\t\t\t\t<i aria-hidden=\"true\" class=\"vamtamtheme- vamtam-theme-check-round\"><\/i>\t\t\t\t\t\t<\/span>\n\t\t\t\t\t\t\t\t\t\t<span class=\"elementor-icon-list-text\">Besi performans\u0131 art\u0131r\u0131c\u0131<\/span>\n\t\t\t\t\t\t\t\t\t<\/li>\n\t\t\t\t\t\t<\/ul>\n\t\t\t\t\t\t<\/div>\n\t\t\t\t<\/div>\n\t\t\t\t<\/div>\n\t\t\t\t<\/div>\n\t\t\t\t\t<\/div>\n\t\t\t\t<\/div>\n\t\t\t\t<\/div>\n\t\t","protected":false},"excerpt":{"rendered":"<p>Y\u00fcksek protein ve enerji i\u00e7eri\u011fiyle hayvanc\u0131l\u0131kta verimi art\u0131ran yem kayna\u011f\u0131d\u0131r.<\/p>\n","protected":false},"author":1,"featured_media":988045,"parent":21,"menu_order":0,"comment_status":"closed","ping_status":"closed","template":"","meta":{"inline_featured_image":false,"footnotes":""},"class_list":["post-987964","page","type-page","status-publish","has-post-thumbnail","hentry"],"_links":{"self":[{"href":"https:\/\/www.anzelyag.com\/index.php\/wp-json\/wp\/v2\/pages\/987964","targetHints":{"allow":["GET"]}}],"collection":[{"href":"https:\/\/www.anzelyag.com\/index.php\/wp-json\/wp\/v2\/pages"}],"about":[{"href":"https:\/\/www.anzelyag.com\/index.php\/wp-json\/wp\/v2\/types\/page"}],"author":[{"embeddable":true,"href":"https:\/\/www.anzelyag.com\/index.php\/wp-json\/wp\/v2\/users\/1"}],"replies":[{"embeddable":true,"href":"https:\/\/www.anzelyag.com\/index.php\/wp-json\/wp\/v2\/comments?post=987964"}],"version-history":[{"count":14,"href":"https:\/\/www.anzelyag.com\/index.php\/wp-json\/wp\/v2\/pages\/987964\/revisions"}],"predecessor-version":[{"id":988194,"href":"https:\/\/www.anzelyag.com\/index.php\/wp-json\/wp\/v2\/pages\/987964\/revisions\/988194"}],"up":[{"embeddable":true,"href":"https:\/\/www.anzelyag.com\/index.php\/wp-json\/wp\/v2\/pages\/21"}],"wp:featuredmedia":[{"embeddable":true,"href":"https:\/\/www.anzelyag.com\/index.php\/wp-json\/wp\/v2\/media\/988045"}],"wp:attachment":[{"href":"https:\/\/www.anzelyag.com\/index.php\/wp-json\/wp\/v2\/media?parent=987964"}],"curies":[{"name":"wp","href":"https:\/\/api.w.org\/{rel}","templated":true}]}}